{"id":265,"date":"2025-09-17T00:49:29","date_gmt":"2025-09-17T00:49:29","guid":{"rendered":"https:\/\/www.afcreation33.com\/?page_id=265"},"modified":"2026-02-13T15:52:12","modified_gmt":"2026-02-13T15:52:12","slug":"acceuil","status":"publish","type":"page","link":"https:\/\/www.afcreation33.com\/","title":{"rendered":"Acceuil"},"content":{"rendered":"\t\t<div data-elementor-type=\"wp-page\" data-elementor-id=\"265\" class=\"elementor elementor-265\">\n\t\t\t\t<div class=\"elementor-element elementor-element-67568a1 e-flex e-con-boxed wpr-particle-no wpr-jarallax-no wpr-parallax-no wpr-sticky-section-no e-con e-parent\" data-id=\"67568a1\" data-element_type=\"container\" data-e-type=\"container\">\n\t\t\t\t\t<div class=\"e-con-inner\">\n\t\t\t\t<div class=\"elementor-element elementor-element-c35d65b elementor-widget elementor-widget-spacer\" data-id=\"c35d65b\" data-element_type=\"widget\" data-e-type=\"widget\" data-widget_type=\"spacer.default\">\n\t\t\t\t\t\t\t<div class=\"elementor-spacer\">\n\t\t\t<div class=\"elementor-spacer-inner\"><\/div>\n\t\t<\/div>\n\t\t\t\t\t\t<\/div>\n\t\t\t\t\t<\/div>\n\t\t\t\t<\/div>\n\t\t<div class=\"elementor-element elementor-element-a407651 e-con-full e-flex wpr-particle-no wpr-jarallax-no wpr-parallax-no wpr-sticky-section-no e-con e-parent\" data-id=\"a407651\" data-element_type=\"container\" data-e-type=\"container\" data-settings=\"{&quot;background_background&quot;:&quot;classic&quot;}\">\n\t\t\t\t<\/div>\n\t\t<div class=\"wpr-jarallax elementor-element elementor-element-68938d0 e-con-full wpr-jarallax-yes e-flex wpr-parallax-no wpr-sticky-section-no e-con e-parent\" speed-data=\"1.4\" bg-image=\"https:\/\/www.afcreation33.com\/wp-content\/uploads\/2025\/09\/getty-images-_O7vp8snYvc-unsplash-1-scaled.jpg\" scroll-effect=\"scroll\" data-id=\"68938d0\" data-element_type=\"container\" data-e-type=\"container\" data-settings=\"{&quot;background_background&quot;:&quot;classic&quot;}\">\n\t\t\t\t<\/div>\n\t\t<div class=\"elementor-element elementor-element-e02088a e-con-full e-flex wpr-particle-no wpr-jarallax-no wpr-parallax-no wpr-sticky-section-no e-con e-parent\" data-id=\"e02088a\" data-element_type=\"container\" data-e-type=\"container\" data-settings=\"{&quot;background_background&quot;:&quot;classic&quot;}\">\n\t\t\t\t<div class=\"elementor-element elementor-element-3d066d8 elementor-widget elementor-widget-heading\" data-id=\"3d066d8\" data-element_type=\"widget\" data-e-type=\"widget\" data-widget_type=\"heading.default\">\n\t\t\t\t\t<h2 class=\"elementor-heading-title elementor-size-default\">Nos services<\/h2>\t\t\t\t<\/div>\n\t\t\t\t<div class=\"elementor-element elementor-element-227cc73 elementor-widget-divider--view-line elementor-widget elementor-widget-divider\" data-id=\"227cc73\" data-element_type=\"widget\" data-e-type=\"widget\" data-widget_type=\"divider.default\">\n\t\t\t\t\t\t\t<div class=\"elementor-divider\">\n\t\t\t<span class=\"elementor-divider-separator\">\n\t\t\t\t\t\t<\/span>\n\t\t<\/div>\n\t\t\t\t\t\t<\/div>\n\t\t\t\t<\/div>\n\t\t<div class=\"elementor-element elementor-element-60cbfbb e-con-full e-flex wpr-particle-no wpr-jarallax-no wpr-parallax-no wpr-sticky-section-no e-con e-parent\" data-id=\"60cbfbb\" data-element_type=\"container\" data-e-type=\"container\" data-settings=\"{&quot;background_background&quot;:&quot;classic&quot;}\">\n\t\t<div class=\"elementor-element elementor-element-6cb313d e-con-full e-flex wpr-particle-no wpr-jarallax-no wpr-parallax-no wpr-sticky-section-no e-con e-child\" data-id=\"6cb313d\" data-element_type=\"container\" data-e-type=\"container\">\n\t\t\t\t<div class=\"elementor-element elementor-element-7fc13ae elementor-position-top elementor-widget elementor-widget-image-box\" data-id=\"7fc13ae\" data-element_type=\"widget\" data-e-type=\"widget\" data-widget_type=\"image-box.default\">\n\t\t\t\t\t<div class=\"elementor-image-box-wrapper\"><figure class=\"elementor-image-box-img\"><img fetchpriority=\"high\" decoding=\"async\" width=\"500\" height=\"500\" src=\"https:\/\/www.afcreation33.com\/wp-content\/uploads\/2025\/09\/1-1.png\" class=\"attachment-full size-full wp-image-269\" alt=\"\" srcset=\"https:\/\/www.afcreation33.com\/wp-content\/uploads\/2025\/09\/1-1.png 500w, https:\/\/www.afcreation33.com\/wp-content\/uploads\/2025\/09\/1-1-300x300.png 300w, https:\/\/www.afcreation33.com\/wp-content\/uploads\/2025\/09\/1-1-150x150.png 150w\" sizes=\"(max-width: 500px) 100vw, 500px\" \/><\/figure><div class=\"elementor-image-box-content\"><h3 class=\"elementor-image-box-title\">Peinture murs et plafonds<\/h3><p class=\"elementor-image-box-description\">Pr\u00e9paration du support et application de la peinture sur murs et plafonds<\/p><\/div><\/div>\t\t\t\t<\/div>\n\t\t\t\t<\/div>\n\t\t<div class=\"elementor-element elementor-element-a0b7288 e-con-full e-flex wpr-particle-no wpr-jarallax-no wpr-parallax-no wpr-sticky-section-no e-con e-child\" data-id=\"a0b7288\" data-element_type=\"container\" data-e-type=\"container\">\n\t\t\t\t<div class=\"elementor-element elementor-element-780f247 elementor-position-top elementor-widget elementor-widget-image-box\" data-id=\"780f247\" data-element_type=\"widget\" data-e-type=\"widget\" data-widget_type=\"image-box.default\">\n\t\t\t\t\t<div class=\"elementor-image-box-wrapper\"><figure class=\"elementor-image-box-img\"><img decoding=\"async\" width=\"500\" height=\"500\" src=\"https:\/\/www.afcreation33.com\/wp-content\/uploads\/2025\/09\/2-2.png\" class=\"attachment-full size-full wp-image-271\" alt=\"\" srcset=\"https:\/\/www.afcreation33.com\/wp-content\/uploads\/2025\/09\/2-2.png 500w, https:\/\/www.afcreation33.com\/wp-content\/uploads\/2025\/09\/2-2-300x300.png 300w, https:\/\/www.afcreation33.com\/wp-content\/uploads\/2025\/09\/2-2-150x150.png 150w\" sizes=\"(max-width: 500px) 100vw, 500px\" \/><\/figure><div class=\"elementor-image-box-content\"><h3 class=\"elementor-image-box-title\">Peinture ext\u00e9rieur<\/h3><p class=\"elementor-image-box-description\">Pr\u00e9paration du support et application de la peinture sur boiseries et murs ext\u00e9rieurs<\/p><\/div><\/div>\t\t\t\t<\/div>\n\t\t\t\t<\/div>\n\t\t<div class=\"elementor-element elementor-element-e8bb86c e-con-full e-flex wpr-particle-no wpr-jarallax-no wpr-parallax-no wpr-sticky-section-no e-con e-child\" data-id=\"e8bb86c\" data-element_type=\"container\" data-e-type=\"container\">\n\t\t\t\t<div class=\"elementor-element elementor-element-75983f8 elementor-position-top elementor-widget elementor-widget-image-box\" data-id=\"75983f8\" data-element_type=\"widget\" data-e-type=\"widget\" data-widget_type=\"image-box.default\">\n\t\t\t\t\t<div class=\"elementor-image-box-wrapper\"><figure class=\"elementor-image-box-img\"><img decoding=\"async\" width=\"500\" height=\"500\" src=\"https:\/\/www.afcreation33.com\/wp-content\/uploads\/2025\/09\/3-1.png\" class=\"attachment-full size-full wp-image-272\" alt=\"\" srcset=\"https:\/\/www.afcreation33.com\/wp-content\/uploads\/2025\/09\/3-1.png 500w, https:\/\/www.afcreation33.com\/wp-content\/uploads\/2025\/09\/3-1-300x300.png 300w, https:\/\/www.afcreation33.com\/wp-content\/uploads\/2025\/09\/3-1-150x150.png 150w\" sizes=\"(max-width: 500px) 100vw, 500px\" \/><\/figure><div class=\"elementor-image-box-content\"><h3 class=\"elementor-image-box-title\">Bande \u00e0 joint<\/h3><p class=\"elementor-image-box-description\">Application d'enduit avec bande \u00e0 joint. <\/p><\/div><\/div>\t\t\t\t<\/div>\n\t\t\t\t<\/div>\n\t\t<div class=\"elementor-element elementor-element-11905fa e-con-full e-flex wpr-particle-no wpr-jarallax-no wpr-parallax-no wpr-sticky-section-no e-con e-child\" data-id=\"11905fa\" data-element_type=\"container\" data-e-type=\"container\">\n\t\t\t\t<div class=\"elementor-element elementor-element-d6975c8 elementor-position-top elementor-widget elementor-widget-image-box\" data-id=\"d6975c8\" data-element_type=\"widget\" data-e-type=\"widget\" data-widget_type=\"image-box.default\">\n\t\t\t\t\t<div class=\"elementor-image-box-wrapper\"><figure class=\"elementor-image-box-img\"><img loading=\"lazy\" decoding=\"async\" width=\"500\" height=\"500\" src=\"https:\/\/www.afcreation33.com\/wp-content\/uploads\/2025\/09\/4-1.png\" class=\"attachment-full size-full wp-image-273\" alt=\"\" srcset=\"https:\/\/www.afcreation33.com\/wp-content\/uploads\/2025\/09\/4-1.png 500w, https:\/\/www.afcreation33.com\/wp-content\/uploads\/2025\/09\/4-1-300x300.png 300w, https:\/\/www.afcreation33.com\/wp-content\/uploads\/2025\/09\/4-1-150x150.png 150w\" sizes=\"(max-width: 500px) 100vw, 500px\" \/><\/figure><div class=\"elementor-image-box-content\"><h3 class=\"elementor-image-box-title\">Cloisons s\u00e8che<\/h3><p class=\"elementor-image-box-description\">Pose de cloisons de plaque de pl\u00e2tre. Cr\u00e9ation de cloisons ou plafond\n<\/p><\/div><\/div>\t\t\t\t<\/div>\n\t\t\t\t<\/div>\n\t\t\t\t<\/div>\n\t\t<div class=\"elementor-element elementor-element-bdeb5bc e-con-full e-flex wpr-particle-no wpr-jarallax-no wpr-parallax-no wpr-sticky-section-no e-con e-parent\" data-id=\"bdeb5bc\" data-element_type=\"container\" data-e-type=\"container\" data-settings=\"{&quot;background_background&quot;:&quot;classic&quot;}\">\n\t\t\t\t<div class=\"elementor-element elementor-element-ba53b83 elementor-align-center elementor-widget elementor-widget-button\" data-id=\"ba53b83\" data-element_type=\"widget\" data-e-type=\"widget\" data-widget_type=\"button.default\">\n\t\t\t\t\t\t\t\t\t\t<a class=\"elementor-button elementor-button-link elementor-size-sm\" href=\"https:\/\/www.afcreation33.com\/index.php\/nos-service\/\">\n\t\t\t\t\t\t<span class=\"elementor-button-content-wrapper\">\n\t\t\t\t\t\t\t\t\t<span class=\"elementor-button-text\">Nos services <\/span>\n\t\t\t\t\t<\/span>\n\t\t\t\t\t<\/a>\n\t\t\t\t\t\t\t\t<\/div>\n\t\t\t\t<div class=\"elementor-element elementor-element-9388e3b elementor-widget elementor-widget-spacer\" data-id=\"9388e3b\" data-element_type=\"widget\" data-e-type=\"widget\" data-widget_type=\"spacer.default\">\n\t\t\t\t\t\t\t<div class=\"elementor-spacer\">\n\t\t\t<div class=\"elementor-spacer-inner\"><\/div>\n\t\t<\/div>\n\t\t\t\t\t\t<\/div>\n\t\t\t\t<\/div>\n\t\t<div class=\"wpr-jarallax elementor-element elementor-element-0487af3 e-con-full wpr-jarallax-yes e-flex wpr-particle-no wpr-parallax-no wpr-sticky-section-no e-con e-parent\" speed-data=\"1.4\" bg-image=\"https:\/\/www.afcreation33.com\/wp-content\/uploads\/2025\/09\/getty-images-CiVPKJab26w-unsplash-scaled.jpg\" scroll-effect=\"scroll\" data-id=\"0487af3\" data-element_type=\"container\" data-e-type=\"container\" data-settings=\"{&quot;background_background&quot;:&quot;classic&quot;}\">\n\t\t\t\t<\/div>\n\t\t<div class=\"elementor-element elementor-element-39af0af e-con-full e-flex wpr-particle-no wpr-jarallax-no wpr-parallax-no wpr-sticky-section-no e-con e-parent\" data-id=\"39af0af\" data-element_type=\"container\" data-e-type=\"container\" data-settings=\"{&quot;background_background&quot;:&quot;classic&quot;}\">\n\t\t\t\t<div class=\"elementor-element elementor-element-be9ca2f elementor-widget elementor-widget-heading\" data-id=\"be9ca2f\" data-element_type=\"widget\" data-e-type=\"widget\" data-widget_type=\"heading.default\">\n\t\t\t\t\t<h2 class=\"elementor-heading-title elementor-size-default\">Nos valeurs et engagements <\/h2>\t\t\t\t<\/div>\n\t\t\t\t<div class=\"elementor-element elementor-element-71c2941 elementor-widget-divider--view-line elementor-widget elementor-widget-divider\" data-id=\"71c2941\" data-element_type=\"widget\" data-e-type=\"widget\" data-widget_type=\"divider.default\">\n\t\t\t\t\t\t\t<div class=\"elementor-divider\">\n\t\t\t<span class=\"elementor-divider-separator\">\n\t\t\t\t\t\t<\/span>\n\t\t<\/div>\n\t\t\t\t\t\t<\/div>\n\t\t\t\t<\/div>\n\t\t<div class=\"elementor-element elementor-element-4e8ea77 e-con-full e-flex wpr-particle-no wpr-jarallax-no wpr-parallax-no wpr-sticky-section-no e-con e-parent\" data-id=\"4e8ea77\" data-element_type=\"container\" data-e-type=\"container\" data-settings=\"{&quot;background_background&quot;:&quot;classic&quot;}\">\n\t\t<div class=\"elementor-element elementor-element-1010dfd e-con-full e-flex wpr-particle-no wpr-jarallax-no wpr-parallax-no wpr-sticky-section-no e-con e-child\" data-id=\"1010dfd\" data-element_type=\"container\" data-e-type=\"container\">\n\t\t\t\t<div class=\"elementor-element elementor-element-2efe43c elementor-position-top elementor-widget elementor-widget-image-box\" data-id=\"2efe43c\" data-element_type=\"widget\" data-e-type=\"widget\" data-widget_type=\"image-box.default\">\n\t\t\t\t\t<div class=\"elementor-image-box-wrapper\"><figure class=\"elementor-image-box-img\"><img loading=\"lazy\" decoding=\"async\" width=\"500\" height=\"500\" src=\"https:\/\/www.afcreation33.com\/wp-content\/uploads\/2025\/09\/5-1.png\" class=\"attachment-full size-full wp-image-274\" alt=\"\" srcset=\"https:\/\/www.afcreation33.com\/wp-content\/uploads\/2025\/09\/5-1.png 500w, https:\/\/www.afcreation33.com\/wp-content\/uploads\/2025\/09\/5-1-300x300.png 300w, https:\/\/www.afcreation33.com\/wp-content\/uploads\/2025\/09\/5-1-150x150.png 150w\" sizes=\"(max-width: 500px) 100vw, 500px\" \/><\/figure><div class=\"elementor-image-box-content\"><h3 class=\"elementor-image-box-title\">Ecoute et conseil<\/h3><p class=\"elementor-image-box-description\">Chaque projet est unique, et je prends le temps de vous accompagner, du choix des mat\u00e9riaux jusqu\u2019aux derni\u00e8res finitions.\nJe travaille avec des produits de qualit\u00e9 et des techniques adapt\u00e9es, dans le respect des d\u00e9lais et de votre budget.<\/p><\/div><\/div>\t\t\t\t<\/div>\n\t\t\t\t<\/div>\n\t\t<div class=\"elementor-element elementor-element-7753feb e-con-full e-flex wpr-particle-no wpr-jarallax-no wpr-parallax-no wpr-sticky-section-no e-con e-child\" data-id=\"7753feb\" data-element_type=\"container\" data-e-type=\"container\">\n\t\t\t\t<div class=\"elementor-element elementor-element-f298136 elementor-position-top elementor-widget elementor-widget-image-box\" data-id=\"f298136\" data-element_type=\"widget\" data-e-type=\"widget\" data-widget_type=\"image-box.default\">\n\t\t\t\t\t<div class=\"elementor-image-box-wrapper\"><figure class=\"elementor-image-box-img\"><img loading=\"lazy\" decoding=\"async\" width=\"500\" height=\"500\" src=\"https:\/\/www.afcreation33.com\/wp-content\/uploads\/2025\/09\/6-1.png\" class=\"attachment-full size-full wp-image-275\" alt=\"\" srcset=\"https:\/\/www.afcreation33.com\/wp-content\/uploads\/2025\/09\/6-1.png 500w, https:\/\/www.afcreation33.com\/wp-content\/uploads\/2025\/09\/6-1-300x300.png 300w, https:\/\/www.afcreation33.com\/wp-content\/uploads\/2025\/09\/6-1-150x150.png 150w\" sizes=\"(max-width: 500px) 100vw, 500px\" \/><\/figure><div class=\"elementor-image-box-content\"><h3 class=\"elementor-image-box-title\">Savoir faire<\/h3><p class=\"elementor-image-box-description\">Dipl\u00f4m\u00e9e en tant qu\u2019agent de maintenance du b\u00e2timent, je mets mon savoir-faire et mon exigence au service de vos projets de r\u00e9novation et de d\u00e9coration\n<\/p><\/div><\/div>\t\t\t\t<\/div>\n\t\t\t\t<\/div>\n\t\t<div class=\"elementor-element elementor-element-da428c7 e-con-full e-flex wpr-particle-no wpr-jarallax-no wpr-parallax-no wpr-sticky-section-no e-con e-child\" data-id=\"da428c7\" data-element_type=\"container\" data-e-type=\"container\">\n\t\t\t\t<div class=\"elementor-element elementor-element-8a4abfa elementor-position-top elementor-widget elementor-widget-image-box\" data-id=\"8a4abfa\" data-element_type=\"widget\" data-e-type=\"widget\" data-widget_type=\"image-box.default\">\n\t\t\t\t\t<div class=\"elementor-image-box-wrapper\"><figure class=\"elementor-image-box-img\"><img loading=\"lazy\" decoding=\"async\" width=\"500\" height=\"500\" src=\"https:\/\/www.afcreation33.com\/wp-content\/uploads\/2025\/09\/7-1.png\" class=\"attachment-full size-full wp-image-277\" alt=\"\" srcset=\"https:\/\/www.afcreation33.com\/wp-content\/uploads\/2025\/09\/7-1.png 500w, https:\/\/www.afcreation33.com\/wp-content\/uploads\/2025\/09\/7-1-300x300.png 300w, https:\/\/www.afcreation33.com\/wp-content\/uploads\/2025\/09\/7-1-150x150.png 150w\" sizes=\"(max-width: 500px) 100vw, 500px\" \/><\/figure><div class=\"elementor-image-box-content\"><h3 class=\"elementor-image-box-title\">Qualit\u00e9<\/h3><p class=\"elementor-image-box-description\">Minutieuse et \u00e0 l\u2019\u00e9coute, je veille \u00e0 vous offrir un travail soign\u00e9, adapt\u00e9 \u00e0 vos envies et \u00e0 vos besoins. <\/p><\/div><\/div>\t\t\t\t<\/div>\n\t\t\t\t<\/div>\n\t\t<div class=\"elementor-element elementor-element-24cbba5 e-con-full e-flex wpr-particle-no wpr-jarallax-no wpr-parallax-no wpr-sticky-section-no e-con e-child\" data-id=\"24cbba5\" data-element_type=\"container\" data-e-type=\"container\">\n\t\t\t\t<div class=\"elementor-element elementor-element-c8bea48 elementor-position-top elementor-widget elementor-widget-image-box\" data-id=\"c8bea48\" data-element_type=\"widget\" data-e-type=\"widget\" data-widget_type=\"image-box.default\">\n\t\t\t\t\t<div class=\"elementor-image-box-wrapper\"><figure class=\"elementor-image-box-img\"><img loading=\"lazy\" decoding=\"async\" width=\"500\" height=\"500\" src=\"https:\/\/www.afcreation33.com\/wp-content\/uploads\/2025\/09\/8-1.png\" class=\"attachment-full size-full wp-image-278\" alt=\"\" srcset=\"https:\/\/www.afcreation33.com\/wp-content\/uploads\/2025\/09\/8-1.png 500w, https:\/\/www.afcreation33.com\/wp-content\/uploads\/2025\/09\/8-1-300x300.png 300w, https:\/\/www.afcreation33.com\/wp-content\/uploads\/2025\/09\/8-1-150x150.png 150w\" sizes=\"(max-width: 500px) 100vw, 500px\" \/><\/figure><div class=\"elementor-image-box-content\"><h3 class=\"elementor-image-box-title\">Respect<\/h3><p class=\"elementor-image-box-description\">Mon approche repose sur trois valeurs simples :\n  \u00c9coute: pour comprendre vos besoins et vos envies\n  Esth\u00e9tique: pour un rendu soign\u00e9, harmonieux et durable\n  Savoir-faire: pour une ex\u00e9cution professionnelle et rigoureuse\n<\/p><\/div><\/div>\t\t\t\t<\/div>\n\t\t\t\t<\/div>\n\t\t\t\t<\/div>\n\t\t<div class=\"elementor-element elementor-element-d897eaa e-con-full e-flex wpr-particle-no wpr-jarallax-no wpr-parallax-no wpr-sticky-section-no e-con e-parent\" data-id=\"d897eaa\" data-element_type=\"container\" data-e-type=\"container\" data-settings=\"{&quot;background_background&quot;:&quot;classic&quot;}\">\n\t\t\t\t<div class=\"elementor-element elementor-element-9e88b6c elementor-align-center elementor-widget elementor-widget-button\" data-id=\"9e88b6c\" data-element_type=\"widget\" data-e-type=\"widget\" data-widget_type=\"button.default\">\n\t\t\t\t\t\t\t\t\t\t<a class=\"elementor-button elementor-button-link elementor-size-sm\" href=\"https:\/\/www.afcreation33.com\/index.php\/contact\/\">\n\t\t\t\t\t\t<span class=\"elementor-button-content-wrapper\">\n\t\t\t\t\t\t\t\t\t<span class=\"elementor-button-text\">Contacter nous <\/span>\n\t\t\t\t\t<\/span>\n\t\t\t\t\t<\/a>\n\t\t\t\t\t\t\t\t<\/div>\n\t\t\t\t<\/div>\n\t\t<div class=\"elementor-element elementor-element-b81581a e-flex e-con-boxed wpr-particle-no wpr-jarallax-no wpr-parallax-no wpr-sticky-section-no e-con e-parent\" data-id=\"b81581a\" data-element_type=\"container\" data-e-type=\"container\">\n\t\t\t\t\t<div class=\"e-con-inner\">\n\t\t\t\t<div class=\"elementor-element elementor-element-da2f0cf elementor-widget elementor-widget-spacer\" data-id=\"da2f0cf\" data-element_type=\"widget\" data-e-type=\"widget\" data-widget_type=\"spacer.default\">\n\t\t\t\t\t\t\t<div class=\"elementor-spacer\">\n\t\t\t<div class=\"elementor-spacer-inner\"><\/div>\n\t\t<\/div>\n\t\t\t\t\t\t<\/div>\n\t\t\t\t\t<\/div>\n\t\t\t\t<\/div>\n\t\t\t\t<\/div>\n\t\t","protected":false},"excerpt":{"rendered":"<p>Nos services Peinture murs et plafonds Pr\u00e9paration du support et application de la peinture sur murs et plafonds Peinture ext\u00e9rieur Pr\u00e9paration du support et application de la peinture sur boiseries et murs ext\u00e9rieurs Bande \u00e0 joint Application d&#8217;enduit avec bande \u00e0 joint. Cloisons s\u00e8che Pose de cloisons de plaque de pl\u00e2tre. Cr\u00e9ation de cloisons ou plafond Nos services Nos valeurs et engagements Ecoute et conseil Chaque projet est unique, et je prends le temps de vous accompagner, du choix des mat\u00e9riaux jusqu\u2019aux derni\u00e8res finitions. Je travaille avec des produits de qualit\u00e9 et des techniques adapt\u00e9es, dans le respect des d\u00e9lais et de votre budget. Savoir faire Dipl\u00f4m\u00e9e en tant qu\u2019agent de maintenance du b\u00e2timent, je mets mon savoir-faire et mon exigence au service de vos projets de r\u00e9novation et de d\u00e9coration Qualit\u00e9 Minutieuse et \u00e0 l\u2019\u00e9coute, je veille \u00e0 vous offrir un travail soign\u00e9, adapt\u00e9 \u00e0 vos envies et \u00e0 vos besoins. Respect Mon approche repose sur trois valeurs simples : \u00c9coute: pour comprendre vos besoins et vos envies Esth\u00e9tique: pour un rendu soign\u00e9, harmonieux et durable Savoir-faire: pour une ex\u00e9cution professionnelle et rigoureuse Contacter nous<\/p>\n","protected":false},"author":1,"featured_media":0,"parent":0,"menu_order":0,"comment_status":"closed","ping_status":"closed","template":"elementor_header_footer","meta":{"ocean_post_layout":"","ocean_both_sidebars_style":"","ocean_both_sidebars_content_width":0,"ocean_both_sidebars_sidebars_width":0,"ocean_sidebar":"","ocean_second_sidebar":"","ocean_disable_margins":"enable","ocean_add_body_class":"","ocean_shortcode_before_top_bar":"","ocean_shortcode_after_top_bar":"","ocean_shortcode_before_header":"","ocean_shortcode_after_header":"","ocean_has_shortcode":"","ocean_shortcode_after_title":"","ocean_shortcode_before_footer_widgets":"","ocean_shortcode_after_footer_widgets":"","ocean_shortcode_before_footer_bottom":"","ocean_shortcode_after_footer_bottom":"","ocean_display_top_bar":"default","ocean_display_header":"default","ocean_header_style":"","ocean_center_header_left_menu":"","ocean_custom_header_template":"","ocean_custom_logo":0,"ocean_custom_retina_logo":0,"ocean_custom_logo_max_width":0,"ocean_custom_logo_tablet_max_width":0,"ocean_custom_logo_mobile_max_width":0,"ocean_custom_logo_max_height":0,"ocean_custom_logo_tablet_max_height":0,"ocean_custom_logo_mobile_max_height":0,"ocean_header_custom_menu":"2","ocean_menu_typo_font_family":"","ocean_menu_typo_font_subset":"","ocean_menu_typo_font_size":0,"ocean_menu_typo_font_size_tablet":0,"ocean_menu_typo_font_size_mobile":0,"ocean_menu_typo_font_size_unit":"px","ocean_menu_typo_font_weight":"","ocean_menu_typo_font_weight_tablet":"","ocean_menu_typo_font_weight_mobile":"","ocean_menu_typo_transform":"","ocean_menu_typo_transform_tablet":"","ocean_menu_typo_transform_mobile":"","ocean_menu_typo_line_height":0,"ocean_menu_typo_line_height_tablet":0,"ocean_menu_typo_line_height_mobile":0,"ocean_menu_typo_line_height_unit":"","ocean_menu_typo_spacing":0,"ocean_menu_typo_spacing_tablet":0,"ocean_menu_typo_spacing_mobile":0,"ocean_menu_typo_spacing_unit":"","ocean_menu_link_color":"","ocean_menu_link_color_hover":"","ocean_menu_link_color_active":"","ocean_menu_link_background":"","ocean_menu_link_hover_background":"","ocean_menu_link_active_background":"","ocean_menu_social_links_bg":"","ocean_menu_social_hover_links_bg":"","ocean_menu_social_links_color":"","ocean_menu_social_hover_links_color":"","ocean_disable_title":"default","ocean_disable_heading":"default","ocean_post_title":"","ocean_post_subheading":"","ocean_post_title_style":"","ocean_post_title_background_color":"","ocean_post_title_background":0,"ocean_post_title_bg_image_position":"","ocean_post_title_bg_image_attachment":"","ocean_post_title_bg_image_repeat":"","ocean_post_title_bg_image_size":"","ocean_post_title_height":0,"ocean_post_title_bg_overlay":0.5,"ocean_post_title_bg_overlay_color":"","ocean_disable_breadcrumbs":"default","ocean_breadcrumbs_color":"","ocean_breadcrumbs_separator_color":"","ocean_breadcrumbs_links_color":"","ocean_breadcrumbs_links_hover_color":"","ocean_display_footer_widgets":"default","ocean_display_footer_bottom":"default","ocean_custom_footer_template":"","footnotes":""},"class_list":["post-265","page","type-page","status-publish","hentry","entry"],"_links":{"self":[{"href":"https:\/\/www.afcreation33.com\/index.php\/wp-json\/wp\/v2\/pages\/265","targetHints":{"allow":["GET"]}}],"collection":[{"href":"https:\/\/www.afcreation33.com\/index.php\/wp-json\/wp\/v2\/pages"}],"about":[{"href":"https:\/\/www.afcreation33.com\/index.php\/wp-json\/wp\/v2\/types\/page"}],"author":[{"embeddable":true,"href":"https:\/\/www.afcreation33.com\/index.php\/wp-json\/wp\/v2\/users\/1"}],"replies":[{"embeddable":true,"href":"https:\/\/www.afcreation33.com\/index.php\/wp-json\/wp\/v2\/comments?post=265"}],"version-history":[{"count":29,"href":"https:\/\/www.afcreation33.com\/index.php\/wp-json\/wp\/v2\/pages\/265\/revisions"}],"predecessor-version":[{"id":435,"href":"https:\/\/www.afcreation33.com\/index.php\/wp-json\/wp\/v2\/pages\/265\/revisions\/435"}],"wp:attachment":[{"href":"https:\/\/www.afcreation33.com\/index.php\/wp-json\/wp\/v2\/media?parent=265"}],"curies":[{"name":"wp","href":"https:\/\/api.w.org\/{rel}","templated":true}]}}